+ 3*i - 89, 166 = 2*i - 2*k. What is the greatest common factor of w and i?
28
Suppose 4*p - 20 = -18*q + 14*q, -5*p + 2*q = -18. Let s = -1 - -4. Suppose 0*k + 12 = s*k. What is the greatest common divisor of p and k?
4
Let n be 4/(-16) + 4474/8. Calculate the highest common factor of 13 and n.
13
Suppose 5*l = 4*x - 102, -4*x = -3*x + l - 30. Suppose 5*m = m - x. Let h be m/(-42) - 269/(-6). What is the greatest common divisor of 9 and h?
9
Let i be (1*4)/(-3*(-3)/9). Suppose -3*r - 4*j = -282, -5*j + 11 + i = 0. Calculate the highest common divisor of 10 and r.
10
Suppose 0 = -18*m + 15*m. Suppose -5*y - b + 373 = -m*y, 0 = 4*y - b - 302. Let c = y - 43. What is the highest common factor of 8 and c?
8
Suppose -7*p + 2*p - 125 = 0. Let x = -3 - p. Suppose 4*w - x = 3*w. Calculate the greatest common factor of 33 and w.
11
Suppose 2*z - 2*i + 191 = -5*i, 0 = -2*z - 5*i - 181. Let y = z - -157. What is the greatest common factor of y and 36?
18
Suppose 355 + 405 = 5*m. What is the highest common factor of 57 and m?
19
Let m be (-5 - -4) + 6 + 0. Let f(v) = -v**3 + 5*v**2 + 2*v + 6. Let l be f(m). Let g be (-12)/(-3) - 2 - -174. What is the greatest common divisor of l and g?
16
Let m(i) = -295*i**3 + 2*i**2 + i - 2. Let a be m(1). Let y be (-6)/72*9 + a/(-8). Calculate the highest common divisor of 18 and y.
18
Suppose 0 = -3*f + 3*l + 15, f + 26*l = 29*l + 13. Calculate the greatest common factor of f and 5.
1
Let x(g) = -10*g + 104. Let w be x(5). What is the greatest common factor of w and 54?
54
Let r be (-12)/(-5) - (6/(-5))/2. Suppose z - 4 = -0. Suppose -z*t + 15 = -21. What is the greatest common divisor of t and r?
3
Let z be (4/(-10))/((-3)/15). Let t be (z + (-2 - 1))*35. Let r be (-3 + -1)*t/14. Calculate the greatest common divisor of 90 and r.
10
Suppose -4*n + r + 112 = 0, -4*r = 2*n - 3*r - 50. What is the greatest common factor of n and 36?
9
Let j = -264 + 265. Calculate the highest common factor of 16 and j.
1
Suppose 32 - 463 = -4*i - 3*t, -2*i - 4*t = -218. Let m = i - 89. What is the greatest common divisor of 54 and m?
18
Let s(x) = -6*x + 47. Let f be s(5). Suppose 0 = 7*h - f*h + 810. What is the highest common factor of 18 and h?
9
Suppose -y + u + 155 + 96 = 0, 0 = 2*y + 2*u - 498. Calculate the highest common divisor of y and 10.
10
Suppose -3*o = 5*t - 5*o - 115, 2*t = 3*o + 57. Calculate the greatest common factor of 168 and t.
21
Let q be ((-2)/(-6))/(((-246)/(-72))/41). Calculate the greatest common factor of q and 128.
4
Suppose 0*z + 4*z + 175 = 5*r, 0 = 5*z - 4*r + 221. Let d be z*((-32)/12 - -2). What is the greatest common divisor of 45 and d?
15
Suppose 84*d - 261 - 663 = 0. What is the highest common divisor of d and 176?
11
Suppose -5*y + 133 = 13. Suppose -403*v = -400*v - 3*c - 228, -2*v = -4*c - 136. Calculate the greatest common divisor of y and v.
12
Suppose 164 = 11*q - 23. What is the highest common factor of 272 and q?
17
Let i = -259 + 289. Calculate the highest common factor of i and 10.
10
Let x be (-4 + 5 + -3)/(3 - 4). Suppose -2*w + 117 = 5*d - 3, d = x. What is the highest common factor of w and 22?
11
Suppose 0 = 5*x - 10 - 25. Calculate the highest common divisor of x and 77.
7
Suppose 4*l = 5*t - 367, 101*t + 385 = 106*t + 5*l. What is the highest common factor of 15 and t?
15
Suppose 0 = -4*a - j + 115, -2*a - 5 = 2*j - 67. Suppose 0*g - g = 4*o - a, g - 3*o = 35. Calculate the highest common divisor of 320 and g.
32
Let s = -150 - -182. Suppose 5*w - 118 = 122. What is the greatest common factor of w and s?
16
Suppose -35 + 170 = 3*w. Let o = 790 - 772. Calculate the greatest common factor of w and o.
9
Suppose 4*g + 4*u - 16 = 0, 16 = g + 3*g - 5*u. Suppose 195 = 2*i + 3*t, 3*t - 405 = -g*i - 0*i. Calculate the highest common factor of i and 21.
21
Let b = 1836 - 1817. Let p be ((-1)/2)/((-3)/342). What is the highest common divisor of p and b?
19
Let u = 25 - -12. Let h = -15 + -38. Let d = u - h. Calculate the greatest common divisor of 36 and d.
18
Let z(l) = l**3 + 14*l**2 + 25*l + 120. Let f be z(-11). Calculate the greatest common factor of f and 13.
13
Let m = 18 + 62. Suppose -4*o = -4*c - 156, -c + 54 = o - 5*c. Suppose -32 = o*y - 36*y. What is the highest common divisor of y and m?
16
Suppose 2*j - 3*v - 9 = 0, -3*v = -4 - 5. Let x be 3/(-2) + 51/34. Suppose k = -4*y - 2*k + 180, x = -3*k. Calculate the greatest common divisor of j and y.
9
Suppose -214 = 4*h + p, 2*h - 4*p + 18 = -98. Let k = 105 + h. What is the greatest common factor of k and 34?
17
Let f be 5*(0 - (-5 + 4)). Suppose -7*d + f*d = -4. Suppose -3*x + 2*n = -d*x - 310, -3*n = -4*x + 1235. Calculate the greatest common divisor of 28 and x.
28
Let s(l) = l**3 + 15*l**2 + 48*l + 3. Let g be s(-9). Calculate the greatest common factor of 57 and g.
57
Suppose 2*f + 5*j = 17, 17 = 4*f + 3*j + 4. Let m be (11 + -4)/f + (1 - 0). Calculate the highest common factor of m and 12.
4
Let h be 225*((-8)/(-144))/((-2)/(-12)). Calculate the greatest common factor of 25 and h.
25
Suppose -30 = -m + z, 2*m - 2*z - 2*z - 58 = 0. Let l = 50 - m. Calculate the greatest common divisor of 209 and l.
19
Let z(n) = 6*n**2 + 2*n + 6. Let a be z(4). Let u be ((-4)/(-8) + 2)*4. What is the greatest common factor of a and u?
10
Let s be 37/((-37)/(-6))*22/6. Let j(u) = -41*u - 4. Let g be j(-6). Calculate the highest common factor of s and g.
22
Let k(v) = -9*v**3 - 5*v**2 + 13*v - 20. Let w be k(8). Let g be w/(-70) - 8/(-10). Calculate the greatest common factor of g and 28.
14
Suppose -55*l - 3864 = -97*l. What is the greatest common factor of 69 and l?
23
Suppose 0 = 6*u - u - 85. Let j(o) = 5*o + 2. Let k be j(1). Suppose -306 = -k*m + 51. What is the greatest common factor of u and m?
17
Let x(b) = b**3 - 6*b**2 + b - 6. Let o be x(6). Suppose o = 2*a - 0*a - 32. Let p be (8/6)/(a/288). Calculate the greatest common divisor of p and 36.
12
Suppose -5*i = -807 - 18. Calculate the greatest common divisor of i and 30.
15
Let s be 72 - 1/(-4)*0. Let b(n) = n**2 + 2. Let y be b(4). Calculate the greatest common divisor of y and s.
18
Let y = 88 + -85. Let z(d) = d**2 - 2*d - 3. Let u be z(-3). What is the greatest common factor of u and y?
3
Suppose 0 = a + a - 48. Let l = 1753 - 1561. What is the greatest common factor of a and l?
24
Suppose 0 = 11*r - 12 - 3728. What is the highest common factor of r and 425?
85
Suppose -4*i + 5*i - 3 = 0. Let q = 247 - 241. Suppose -a = -i*y + q*y - 129, y - 139 = -a. Calculate the highest common factor of a and 18.
18
Let h be 6 + 5/((-15)/(-6)). Suppose 5*r = -5, 0 = -9*d + 5*d + 5*r + 133. Calculate the greatest common divisor of d and h.
8
Let u be -12 + 3 + -3 + 357. What is the highest common divisor of u and 15?
15
Let m(a) = -4*a**3 + 36*a**2 - 30*a - 1. Let o be m(8). Let y(i) = 6*i**2 + 2*i + 5. Let q be y(5). Calculate the highest common divisor of q and o.
15
Suppose -3*r + x = -25, 5*r = r + 4*x + 44. What is the highest common factor of r and 147?
7
Let s be (129/12*-3)/(33/(-44)). What is the highest common divisor of 559 and s?
43
Suppose 4*p - 5814 = -5*p. What is the highest common divisor of 76 and p?
38
Let k(j) = 18*j**3 - 5*j**2 + 11*j - 2. Let c be k(2). What is the greatest common divisor of c and 32?
16
Let x(l) = l**3 - 16*l**2 + 7. Let f be x(16). Let w be (20 - -2) + -2 + 0. Suppose -w = -2*j + 8. What is the highest common divisor of j and f?
7
Let g(d) = -d**2 - 11*d + 11. Let w be g(-12). Let a be -3 - w/(4/(-6))*-6. Calculate the highest common divisor of a and 6.
6
Let j = 10 - 3. Let h(y) = -115*y + 746. Let a be h(6). What is the greatest common divisor of j and a?
7
Let q be (-2 - (-2 - 1))*(-113 - -207). What is the highest common divisor of 47 and q?
47
Suppose 0 = -9*h + 3*h + 78. Suppose 20*z - 56 = h*z. Calculate the greatest common factor of z and 88.
8
Let u(g) be the third derivative of 7*g**6/40 - g**4/24 + 10*g**2. Let q be u(1). What is the greatest common divisor of 50 and q?
10
Suppose -5*c + 2*c + 11 = 2*q, 0 = 5*q + 4*c - 17. Let v = -1 + q. Suppose v*m = 4*m - 28. What is the highest common factor of 56 and m?
7
Suppose 3 = -3*s + 29*p - 32*p, 3*p + 2 = -4*s. What is the highest common divisor of 4 and s?
1
Let y = 1 - -1. Let x be -1*(1 + -